{"id":8526,"date":"2022-01-12T17:03:32","date_gmt":"2022-01-12T16:03:32","guid":{"rendered":"https:\/\/myderm.com.pl\/salesmarket\/registration\/"},"modified":"2022-08-29T11:45:28","modified_gmt":"2022-08-29T09:45:28","slug":"rejestracja","status":"publish","type":"page","link":"https:\/\/myderm.com.pl\/salesmarket\/rejestracja\/","title":{"rendered":"Rejestracja"},"content":{"rendered":"<p><img loading=\"lazy\" src=\"https:\/\/myderm.com.pl\/salesmarket\/wp-content\/uploads\/2022\/01\/sales-baner2.jpg\" alt=\"\" width=\"2000\" height=\"1050\" class=\"alignnone size-full wp-image-8558\" srcset=\"https:\/\/myderm.com.pl\/salesmarket\/wp-content\/uploads\/2022\/01\/sales-baner2.jpg 2000w, https:\/\/myderm.com.pl\/salesmarket\/wp-content\/uploads\/2022\/01\/sales-baner2-600x315.jpg 600w, https:\/\/myderm.com.pl\/salesmarket\/wp-content\/uploads\/2022\/01\/sales-baner2-300x158.jpg 300w, https:\/\/myderm.com.pl\/salesmarket\/wp-content\/uploads\/2022\/01\/sales-baner2-1024x538.jpg 1024w, https:\/\/myderm.com.pl\/salesmarket\/wp-content\/uploads\/2022\/01\/sales-baner2-768x403.jpg 768w, https:\/\/myderm.com.pl\/salesmarket\/wp-content\/uploads\/2022\/01\/sales-baner2-1536x806.jpg 1536w\" sizes=\"(max-width: 2000px) 100vw, 2000px\" \/><\/p>\n\t<div class='user-registration ur-frontend-form  ' id='user-registration-form-8524'>\n\t\t<form method='post' class='register' data-form-id=\"8524\"\n\t\t\t  data-enable-strength-password=\"\" data-minimum-password-strength=\"3\"  data-captcha-enabled=\"\">\n\n\t\t\t\t\t\t\t\t\t<div class='ur-form-row'>\n\t\t\t\t\t\t\t\t\t\t\t\t\t\t\t\t<div class=\"ur-form-grid ur-grid-1\"\n\t\t\t\t\t\t\t\t\t\t\t style=\"width:48%\">\n\t\t\t\t\t\t\t\t\t\t\t\t\t\t\t\t\t\t\t\t\t\t\t\t<div  data-field-id=\"user_login\" class=\"ur-field-item field-user_login \">\n\t\t\t\t\t\t\t\t\t\t\t\t\t<div class=\"form-row validate-required\" id=\"user_login_field\" data-priority=\"\" ><label for=\"user_login\" class=\"ur-label\">Tw\u00f3j login <abbr class=\"required\" title=\"required\">*<\/abbr><\/label> <span class=\"input-wrapper\"> <input data-rules=\"\" data-id=\"user_login\" type=\"text\" class=\"input-text without_icon input-text ur-frontend-field  \" name=\"user_login\" id=\"user_login\" placeholder=\"\"  value=\"\" required=\"required\" data-label=\"Tw\u00f3j login\" data-username-character=\"yes\"\/> <\/span> <\/div>\t\t\t\t\t\t\t\t\t\t\t\t\t\t\t<\/div>\n\t\t\t\t\t\t\t\t\t\t\t\t\t\t\t\t\t\t\t\t\t\t\t\t\t\t\t\t<div  data-field-id=\"user_pass\" class=\"ur-field-item field-user_pass \">\n\t\t\t\t\t\t\t\t\t\t\t\t\t<div class=\"form-row validate-required hide_show_password\" id=\"user_pass_field\" data-priority=\"\"><label for=\"user_pass\" class=\"ur-label\">Haslo <abbr class=\"required\" title=\"required\">*<\/abbr><\/label> <span class=\"input-wrapper\"> <span class=\"password-input-group input-form-field-icons\"><input data-rules=\"\" data-id=\"user_pass\" type=\"password\" class=\"input-text without_icon input-password ur-frontend-field  \" name=\"user_pass\" id=\"user_pass\" placeholder=\"\"  value=\"\" required=\"required\" data-label=\"Haslo\" \/><a href=\"javaScript:void(0)\" class=\"password_preview dashicons dashicons-hidden\" title=\" Show password \"><\/a><\/span> <\/span> <\/div>\t\t\t\t\t\t\t\t\t\t\t\t\t\t\t<\/div>\n\t\t\t\t\t\t\t\t\t\t\t\t\t\t\t\t\t\t\t\t\t\t\t\t\t\t\t\t<div  data-field-id=\"privacy_policy_1642005171\" class=\"ur-field-item field-privacy_policy \">\n\t\t\t\t\t\t\t\t\t\t\t\t\t<div class=\"form-row validate-required\" id=\"privacy_policy_1642005171_field\" data-priority=\"\" ><label class=\"ur-label checkbox\" required=\"required\" data-label=\"Akceptuj\u0119 regulamin i polityk\u0119 prywatno\u015bci strony\">\n\t\t\t\t\t\t\t<input data-rules=\"\" data-id=\"privacy_policy_1642005171\" required=\"required\" data-label=\"Akceptuj\u0119 regulamin i polityk\u0119 prywatno\u015bci strony\" data-value=\"\" type=\"checkbox\" class=\"input-checkbox ur-frontend-field \" name=\"privacy_policy_1642005171\" id=\"privacy_policy_1642005171\" value=\"1\"  \/> Akceptuj\u0119 regulamin i polityk\u0119 prywatno\u015bci strony <abbr class=\"required\" title=\"required\">*<\/abbr><\/label><span class=\"description\">Regulamin i polityka prywatno\u015bci strony:\n <a href='https:\/\/myderm.com.pl\/salesmarket\/regulamin-i-polityka-prywatnosci\/'>dost\u0119pe tutaj<\/a><\/span><\/div>\t\t\t\t\t\t\t\t\t\t\t\t\t\t\t<\/div>\n\t\t\t\t\t\t\t\t\t\t\t\t\t\t\t\t\t\t\t\t\t\t\t<\/div>\n\t\t\t\t\t\t\t\t\t\t\t\t\t\t\t\t\t\t\t<div class=\"ur-form-grid ur-grid-2\"\n\t\t\t\t\t\t\t\t\t\t\t style=\"width:48%\">\n\t\t\t\t\t\t\t\t\t\t\t\t\t\t\t\t\t\t\t\t\t\t\t\t<div  data-field-id=\"user_email\" class=\"ur-field-item field-user_email \">\n\t\t\t\t\t\t\t\t\t\t\t\t\t<div class=\"form-row validate-required\" id=\"user_email_field\" data-priority=\"\" ><label for=\"user_email\" class=\"ur-label\">Tw\u00f3j e-mail <abbr class=\"required\" title=\"required\">*<\/abbr><\/label> <span class=\"input-wrapper\"> <input data-rules=\"\" data-id=\"user_email\" type=\"email\" class=\"input-text without_icon input-email ur-frontend-field  \" name=\"user_email\" id=\"user_email\" placeholder=\"\"  value=\"\" required=\"required\" data-label=\"Tw\u00f3j e-mail\" \/> <\/span> <\/div>\t\t\t\t\t\t\t\t\t\t\t\t\t\t\t<\/div>\n\t\t\t\t\t\t\t\t\t\t\t\t\t\t\t\t\t\t\t\t\t\t\t\t\t\t\t\t<div  data-field-id=\"user_confirm_password\" class=\"ur-field-item field-user_confirm_password \">\n\t\t\t\t\t\t\t\t\t\t\t\t\t<div class=\"form-row validate-required hide_show_password\" id=\"user_confirm_password_field\" data-priority=\"\"><label for=\"user_confirm_password\" class=\"ur-label\">Powt\u00f3rz has\u0142o <abbr class=\"required\" title=\"required\">*<\/abbr><\/label> <span class=\"input-wrapper\"> <span class=\"password-input-group input-form-field-icons\"><input data-rules=\"\" data-id=\"user_confirm_password\" type=\"password\" class=\"input-text without_icon input-password ur-frontend-field  \" name=\"user_confirm_password\" id=\"user_confirm_password\" placeholder=\"\"  value=\"\" required=\"required\" data-label=\"Powt\u00f3rz has\u0142o\" \/><a href=\"javaScript:void(0)\" class=\"password_preview dashicons dashicons-hidden\" title=\" Show password \"><\/a><\/span> <\/span> <\/div>\t\t\t\t\t\t\t\t\t\t\t\t\t\t\t<\/div>\n\t\t\t\t\t\t\t\t\t\t\t\t\t\t\t\t\t\t\t\t\t\t\t<\/div>\n\t\t\t\t\t\t\t\t\t\t\t\t\t\t\t<\/div>\n\t\t\t\t\t\t\t\t\t\t\t\t\t\t<div class=\"ur-button-container \" >\n\t\t\t\t\t\t\t\t\t\t\t\t<button type=\"submit\" class=\"btn button ur-submit-button \">\n\t\t\t\t\t\t\t<span><\/span>\n\t\t\t\t\t\t\tZarejestruj si\u0119\t\t\t\t\t\t<\/button>\n\t\t\t\t\t\t\t\t\t\t\t\t\t\t\t\t\t<\/div>\n\t\t\t\t\t\n\t\t\t<div style=\"clear:both\"><\/div>\n\t\t\t\t\t\t<input type=\"hidden\" name=\"ur-user-form-id\" value=\"8524\"\/>\n\t\t\t<input type=\"hidden\" name=\"ur-redirect-url\" value=\"\"\/>\n\t\t\t<input type=\"hidden\" id=\"ur_frontend_form_nonce\" name=\"ur_frontend_form_nonce\" value=\"3e87350aa5\" \/>\n\t\t\t\t\t<\/form>\n\n\t\t<div style=\"clear:both\"><\/div>\n\t<\/div>\n\n","protected":false},"excerpt":{"rendered":"Tw\u00f3j login * Haslo * Akceptuj\u0119 regulamin i polityk\u0119 prywatno\u015bci strony *Regulamin i polityka prywatno\u015bci strony: dost\u0119pe tutaj Tw\u00f3j e-mail","protected":false},"author":1,"featured_media":0,"parent":0,"menu_order":0,"comment_status":"closed","ping_status":"closed","template":"","meta":[],"_links":{"self":[{"href":"https:\/\/myderm.com.pl\/salesmarket\/wp-json\/wp\/v2\/pages\/8526"}],"collection":[{"href":"https:\/\/myderm.com.pl\/salesmarket\/wp-json\/wp\/v2\/pages"}],"about":[{"href":"https:\/\/myderm.com.pl\/salesmarket\/wp-json\/wp\/v2\/types\/page"}],"author":[{"embeddable":true,"href":"https:\/\/myderm.com.pl\/salesmarket\/wp-json\/wp\/v2\/users\/1"}],"replies":[{"embeddable":true,"href":"https:\/\/myderm.com.pl\/salesmarket\/wp-json\/wp\/v2\/comments?post=8526"}],"version-history":[{"count":4,"href":"https:\/\/myderm.com.pl\/salesmarket\/wp-json\/wp\/v2\/pages\/8526\/revisions"}],"predecessor-version":[{"id":8662,"href":"https:\/\/myderm.com.pl\/salesmarket\/wp-json\/wp\/v2\/pages\/8526\/revisions\/8662"}],"wp:attachment":[{"href":"https:\/\/myderm.com.pl\/salesmarket\/wp-json\/wp\/v2\/media?parent=8526"}],"curies":[{"name":"wp","href":"https:\/\/api.w.org\/{rel}","templated":true}]}}